In base 2, what is -111 - 10110001010011000101110100?
-10110001010011000101111011
In base 4, what is 32 - 32310123?
-32310031
In base 7, what is -56420 + 26110?
-30310
In base 13, what is 879c5 + 7?
879cc
In base 15, what is -17 - -6bab3a?
6bab23
In base 2, what is -110000100110010011010 + 10001100?
-110000100110000001110
In base 4, what is -121120 - 10213032?
-11000212
In base 12, what is 17 + 1b04931?
1b04948
In base 6, what is 2252 + 23253?
25545
In base 16, what is 165 - -18643?
187a8
In base 14, what is -1001 - 2920a?
-2a20b
In base 10, what is -43 - -15124027?
15123984
In base 12, what is -b501415 - -3?
-b501412
In base 13, what is 3 + 266b899?
266b89c
In base 13, what is -36a626 + 2?
-36a624
In base 16, what is -1 - -f2c8b?
f2c8a
In base 6, what is 422 - 1043141215?
-1043140353
In base 6, what is -1101 + 153541?
152440
In base 8, what is -662 + -3325?
-4207
In base 13, what is 1ab798 + -164?
1ab634
In base 2, what is -11101 - 101110100010010001000?
-101110100010010100101
In base 10, what is -3 - -328026?
328023
In base 13, what is 253 - -8cc60?
901b3
In base 13, what is -2492 + -594?
-2a56
In base 12, what is -11 + -33b18?
-33b29
In base 8, what is 7107237 - 2?
7107235
In base 7, what is -22630 - 1006?
-23636
In base 13, what is 3 + 85344?
85347
In base 11, what is -14a5 - -87002?
85608
In base 16, what is 6363 - -183b?
7b9e
In base 14, what is -4248 + -4dad?
-9217
In base 10, what is 13 - -159672?
159685
In base 7, what is 262622 + 6443?
302365
In base 8, what is -14736001562 + -4?
-14736001566
In base 10, what is -233497 + 33?
-233464
In base 4, what is -10 + 321110331103?
321110331033
In base 14, what is 1b61 - 12c6?
879
In base 5, what is 11101330003 + -10?
11101324443
In base 10, what is 4190700 - -82?
4190782
In base 15, what is 84d9be + -5?
84d9b9
In base 11, what is 6 - -a57466?
a57471
In base 8, what is 141 - 103333?
-103172
In base 8, what is 11231276 + -20?
11231256
In base 2, what is 11001111010011100 + 1011011001?
11010000101110101
In base 7, what is 20052 - 1622?
15130
In base 4, what is 331302303 - -20?
331302323
In base 6, what is 2221025 + 20523?
2241552
In base 4, what is 100233 - -131030332?
131131231
In base 4, what is -20 - 2023123310031?
-2023123310111
In base 7, what is 255 + 6201?
6456
In base 4, what is -323302322 - 111303?
-330020231
In base 16, what is -3 - -ebb3b9?
ebb3b6
In base 11, what is -185805870 - 2?
-185805872
In base 11, what is 29a5a - 23?
29a37
In base 11, what is -589895 + 127?
-589769
In base 3, what is 22020202210 + -1222?
22020200211
In base 15, what is -8bbd05 + -2?
-8bbd07
In base 11, what is -2340 + a227?
7997
In base 14, what is -2 - -2b34d?
2b34b
In base 8, what is -116630257 - 3?
-116630262
In base 6, what is 45001 + -152?
44405
In base 15, what is 5673b + -4?
56737
In base 8, what is -32461651713 + -2?
-32461651715
In base 4, what is 22 - 2000203011313?
-2000203011231
In base 10, what is -50457 + -150?
-50607
In base 2, what is -1100 - 1100111010011010111100101?
-1100111010011010111110001
In base 11, what is -176 + 9790?
9615
In base 10, what is -42345 - 103?
-42448
In base 4, what is -3 + -1002133110133?
-1002133110202
In base 4, what is -10 - -2220122323?
2220122313
In base 6, what is 21 + 2253443222?
2253443243
In base 13, what is 36c82 - 28?
36c57
In base 5, what is 4314 - 1013210?
-1003341
In base 14, what is 32 - 10bc28?
-10bbd6
In base 14, what is -145661 + 28?
-145637
In base 3, what is 2022022 + 12110111?
21202210
In base 10, what is 1 + 2140059?
2140060
In base 11, what is 3643 + 1600?
5143
In base 6, what is -5002 - -54421?
45415
In base 7, what is -520465 + -23?
-520521
In base 5, what is -30 + 1111142010?
1111141430
In base 16, what is 12 - 17a293d?
-17a292b
In base 2, what is 10001010101110 - 11111010111?
1101011010111
In base 4, what is 33130033 + -230?
33123203
In base 15, what is -1b4 + 900e2?
8ee2d
In base 2, what is -110111010011001101111 - 100001?
-110111010011010010000
In base 2, what is 101 + -10111010001101000000110?
-10111010001101000000001
In base 7, what is 432134 + -353?
431451
In base 16, what is 1 + -27359cc?
-27359cb
In base 6, what is 3 + 103400034?
103400041
In base 4, what is 3013112111 - -1110?
3013113221
In base 3, what is 11011 - 122001212210?
-122001201122
In base 4, what is -1332033103111 - 10?
-1332033103121
In base 15, what is -1 + -69e394?
-69e395
In base 4, what is -203330331 - -32031?
-203232300
In base 13, what is 613a79 + -18?
613a61
In base 8, what is -1143770 - 1042?
-1145032
In base 3, what is -2 + 110102020?
110102011
In base 10, what is -41 - -680875?
680834
In base 11, what is -37 - -1801a35?
18019a9
In base 13, what is -6892a0a - 0?
-6892a0a
In base 3, what is 1202220002 + 0?
1202220002
In base 9, what is 37207 - -1216?
38424
In base 2, what is 1110100010111 + -100011110?
1101111111001
In base 8, what is -15 - -2461717?
2461702
In base 15, what is 39 + -86e3?
-86a9
In base 14, what is -1b24d9d - -2?
-1b24d9b
In base 9, what is 31117 - -3455?
34573
In base 11, what is 3 - 961895?
-961892
In base 10, what is -42 + 1910881?
1910839
In base 6, what is 553222051 - -2?
553222053
In base 3, what is -2002100002001 + -1122?
-2002100010200
In base 2, what is -100110000010010010011 - -11011100?
-100110000001110110111
In base 3, what is -12 + -20222111011021020?
-20222111011021102
In base 12, what is 1080a10 + 327?
1081137
In base 4, what is -1200210012 - 32?
-1200210110
In base 10, what is -12479 - -113008?
100529
In base 4, what is -1321303 + 103220311?
101233002
In base 8, what is -10647256 + -3?
-10647261
In base 15, what is d - -22b07?
22b15
In base 7, what is 304126050 + 1?
304126051
In base 7, what is 350 + 3441411?
3442061
In base 10, what is -397342 - -19?
-397323
In base 13, what is -3 + 1517c96?
1517c93
In base 4, what is 1003301 - -2010?
1011311
In base 5, what is 411 - -11312242230?
11312243141
In base 6, what is 2 + 35425231305?
35425231311
In base 8, what is 2040262 + 110?
2040372
In base 7, what is -603 + -1521626?
-1522532
In base 16, what is 4da1 - a7ec?
-5a4b
In base 2, what is -100001000100000010000 - 1111010?
-100001000100010001010
In base 3, what is 1 - -121221122202121?
121221122202122
In base 15, what is -abb9 - 429?
-b0e3
In base 13, what is -5 + 54902?
548ca
In base 9, what is 2 + -47126581?
-47126578
In base 5, what is 102424 + -13234401?
-13131422
In base 4, what is -2 - 321303100233?
-321303100301
In base 6, what is -4315 + -2405530?
-2414245
In base 3, what is 10010021121 - 1221001?
10001100120
In base 11, what is 6786992 - 1?
6786991
In base 8, what is 11145 - 30624?
-17457
In base 3, what is -2 + -21011012120120121?
-21011012120120200
In base 6, what is -133 + 121200400?
121200223
In base 13, what is -358b527 - -90?
-358b467
In base 10, what is -16717 - -526?
-16191
In base 14, what is 1b4 + -417c2?
-4160c
In base 12, what is -93236 + 11?
-93225
In base 5, what is -12 + 24023412213?
24023412201
In base 5, what is -110 - -212424011?
212423401
In base 11, what is -47a0 + -4979?
-9669
In base 16, what is 4e6bc + -191?
4e52b
In base 6, what is -21 - 523232305?
-523232330
In base 12, what is 5b0a185 + 8?
5b0a191
In base 5, what is -141203 - 13134?
-204342
In base 14, what is 1043266 + -2?
1043264
In base 11, what is -142 - 61?
-1a3
In base 10, what is -4 - -120403919?
120403915
In base 7, what is 312550105 - 3?
312550102
In base 12, what is 3a53 - -313?
4166
In base 14, what is 12bb6 - 721?
12495
In base 15, what is -2 - e0a83e?
-e0a841
In base 12, what is 30a + 11120?
1142a
In base 13, what is 5 + -167cb?
-167c6
In base 2, what is -110110110110011 + 10100001?
-110110100010010
In base 7, what is -1035402 - -2344?
-1033025
In base 14, what is -6cc - -4049?
375b
In base 4, what is -22 - -33103212?
33103130
In base 11, what is -aaa79218 + -4?
-aaa79221
In base 3, what is -21001020011 - -2001?
-21001011010
In base 12, what is -3 + a286305?
a286302
In base 8, what is 0 + -410007066?
-410007066
In base 15, what is -59094 + 25?
-5906e
In base 3, what is -10 - 11111111200110221?
-11111111200111001
In base 10, what is -17 + 17325810?
17325793
In base 13, what is 3a2bc4 - -2?
3a2bc6
In base 14, what is 5cc9 - -80c?
66d7
In base 4, what is -100201332011 + -1002?
-100201333013
In base 9, what is 2484 + -286750?
-284255
In base 5